the remainder when 2174 is divided by 61?
39
Calculate the remainder when 19 is divided by 7.
5
What is the remainder when 673 is divided by 96?
1
Calculate the remainder when 1184 is divided by 118.
4
Calculate the remainder when 97 is divided by 60.
37
Calculate the remainder when 432 is divided by 145.
142
What is the remainder when 1550 is divided by 55?
10
Calculate the remainder when 265 is divided by 54.
49
Calculate the remainder when 81 is divided by 71.
10
Calculate the remainder when 55 is divided by 15.
10
Calculate the remainder when 17467 is divided by 5821.
4
What is the remainder when 9116 is divided by 351?
341
What is the remainder when 309 is divided by 155?
154
Calculate the remainder when 87 is divided by 16.
7
What is the remainder when 181 is divided by 79?
23
Calculate the remainder when 202 is divided by 69.
64
What is the remainder when 59 is divided by 23?
13
Calculate the remainder when 326 is divided by 44.
18
Calculate the remainder when 1903 is divided by 128.
111
Calculate the remainder when 98 is divided by 39.
20
What is the remainder when 269 is divided by 54?
53
What is the remainder when 158 is divided by 8?
6
What is the remainder when 2376 is divided by 13?
10
What is the remainder when 494 is divided by 168?
158
What is the remainder when 100 is divided by 13?
9
What is the remainder when 997 is divided by 21?
10
What is the remainder when 47 is divided by 30?
17
Calculate the remainder when 46 is divided by 6.
4
What is the remainder when 163 is divided by 62?
39
Calculate the remainder when 1664 is divided by 49.
47
What is the remainder when 2198 is divided by 37?
15
What is the remainder when 123 is divided by 21?
18
Calculate the remainder when 1093 is divided by 89.
25
Calculate the remainder when 763 is divided by 9.
7
Calculate the remainder when 772 is divided by 18.
16
What is the remainder when 82 is divided by 31?
20
Calculate the remainder when 2881 is divided by 717.
13
What is the remainder when 743 is divided by 24?
23
Calculate the remainder when 716 is divided by 18.
14
Calculate the remainder when 65 is divided by 28.
9
Calculate the remainder when 1295 is divided by 26.
21
What is the remainder when 330 is divided by 9?
6
What is the remainder when 1839 is divided by 184?
183
Calculate the remainder when 233 is divided by 18.
17
Calculate the remainder when 762 is divided by 153.
150
What is the remainder when 488 is divided by 99?
92
Calculate the remainder when 5683 is divided by 79.
74
Calculate the remainder when 1033 is divided by 43.
1
Calculate the remainder when 2158 is divided by 45.
43
Calculate the remainder when 203 is divided by 6.
5
What is the remainder when 427 is divided by 216?
211
What is the remainder when 383 is divided by 4?
3
Calculate the remainder when 514 is divided by 29.
21
Calculate the remainder when 4353 is divided by 167.
11
What is the remainder when 426 is divided by 11?
8
What is the remainder when 2190 is divided by 169?
162
What is the remainder when 4398 is divided by 27?
24
Calculate the remainder when 558 is divided by 8.
6
Calculate the remainder when 330 is divided by 24.
18
Calculate the remainder when 268 is divided by 54.
52
What is the remainder when 1325 is divided by 60?
5
Calculate the remainder when 533 is divided by 109.
97
What is the remainder when 74722 is divided by 39?
37
Calculate the remainder when 33 is divided by 19.
14
Calculate the remainder when 407 is divided by 35.
22
Calculate the remainder when 20100 is divided by 19.
17
What is the remainder when 239 is divided by 75?
14
What is the remainder when 158 is divided by 32?
30
Calculate the remainder when 1111 is divided by 93.
88
What is the remainder when 31 is divided by 17?
14
Calculate the remainder when 24697 is divided by 25.
22
What is the remainder when 2401 is divided by 37?
33
Calculate the remainder when 434 is divided by 87.
86
What is the remainder when 317 is divided by 81?
74
What is the remainder when 119 is divided by 69?
50
What is the remainder when 268 is divided by 18?
16
Calculate the remainder when 14232 is divided by 39.
36
Calculate the remainder when 610 is divided by 28.
22
What is the remainder when 748 is divided by 243?
19
What is the remainder when 33 is divided by 25?
8
What is the remainder when 654 is divided by 16?
14
What is the remainder when 851 is divided by 389?
73
What is the remainder when 16295 is divided by 100?
95
What is the remainder when 1507 is divided by 42?
37
Calculate the remainder when 493 is divided by 35.
3
Calculate the remainder when 821 is divided by 75.
71
What is the remainder when 1407 is divided by 32?
31
What is the remainder when 153 is divided by 26?
23
Calculate the remainder when 395 is divided by 167.
61
Calculate the remainder when 86 is divided by 4.
2
What is the remainder when 2430 is divided by 128?
126
What is the remainder when 655 is divided by 82?
81
What is the remainder when 64 is divided by 16?
0
Calculate the remainder when 8458 is divided by 39.
34
What is the remainder when 1183 is divided by 379?
46
Calculate the remainder when 222 is divided by 114.
108
What is the remainder when 8524 is divided by 147?
145
What is the remainder when 3867 is divided by 84?
3
Calculate the remainder when 405 is divided by 24.
21
Calculate the remainder when 652 is divided by 177.
121
What is the remainder when 1288 is divided by 76?
72
Calculate the remainder when 842 is divided by 172.
154
Calculate the remainder when 1037 is divided by 10.
7
Calculate the remainder when 95 is divided by 10.
5
What is the remainder when 80 is divided by 26?
2
Calculate the remainder when 713 is divided by 124.
93
Calculate the remainder when 1045 is divided by 21.
16
What is the remainder when 1663 is divided by 13?
12
Calculate the remainder when 248 is divided by 10.
8
Calculate the remainder when 241 is divided by 43.
26
Calculate the remainder when 462 is divided by 130.
72
What is the remainder when 98 is divided by 55?
43
What is the remainder when 209 is divided by 73?
63
What is the remainder when 38 is divided by 16?
6
What is the remainder when 72 is divided by 36?
0
Calculate the remainder when 374 is divided by 38.
32
Calculate the remainder when 3265 is divided by 23.
22
What is the remainder when 222 is divided by 25?
22
What is the remainder when 453 is divided by 7?
5
Calculate the remainder when 6689 is divided by 181.
173
Calculate the remainder when 112 is divided by 65.
47
Calculate the remainder when 324 is divided by 55.
49
What is the remainder when 76 is divided by 23?
7
What is the remainder when 63 is divided by 17?
12
Calculate the remainder when 132 is divided by 7.
6
What is the remainder when 435 is divided by 118?
81
Calculate the remainder when 1422 is divided by 158.
0
What is the remainder when 87 is divided by 17?
2
Calculate the remainder when 390 is divided by 68.
50
Calculate the remainder when 812 is divided by 88.
20
What is the remainder when 1055 is divided by 231?
131
Calculate the remainder when 501 is divided by 128.
117
What is the remainder when 439 is divided by 438?
1
What is the remainder when 35 is divided by 5?
0
Calculate the remainder when 1152 is divided by 118.
90
Calculate the remainder when 1104 is divided by 17.
16
What is the remainder when 1409 is divided by 15?
14
What is the remainder when 88 is divided by 4?
0
Calculate the remainder when 42 is divided by 12.
6
What is the remainder when 221 is divided by 4?
1
What is the remainder when 205 is divided by 16?
13
What is the remainder when 68 is divided by 32?
4
Calculate the remainder when 72 is divided by 33.
6
What is the remainder when 116 is divided by 18?
8
Calculate the remainder when 67 is divided by 42.
25
What is the remainder when 241 is divided by 45?
16
What is the remainder when 829 is divided by 22?
15
What is the remainder when 278 is divided by 56?
54
What is the remainder when 324 is divided by 58?
34
Calculate the remainder when 52 is divided by 8.
4
What is the remainder when 4482 is divided by 59?
57
Calculate the remainder when 214 is divided by 31.
28
What is the remainder when 269 is divided by 55?
49
What is the remainder when 657 is divided by 18?
9
What is the remainder when 924